Let p(o) = 3*o + 2. Let b = -11 - -12. Let y be (-2 - -2) + 3 - b. Calculate p(y).
8
Let u(r) = -9*r**3 + 2*r**2 + r. Let y be u(-1). Let d(l) = -3*l + y*l**2 + l - 9*l**2. Give d(2).
0
Let d(o) = -2*o**3 - 3*o**2 - 2*o - 1. Let r(g) = 7*g**2 - 15*g - 6. Let c(s) = -6*s**2 + 14*s + 7. Let y(t) = -6*c(t) - 5*r(t). Let n be y(10). Determine d(n).
7
Let b(u) = u**2 - 1. Let d(w) = w**3 - 9*w**2 - w + 11. Let o be d(9). Let m be b(o). Let v(z) = 3*z + m - 4*z - 5. Determine v(-5).
3
Let v(g) = 27*g + 2. Let a(f) = 14*f + 1. Let p(k) = 11*a(k) - 6*v(k). What is p(-1)?
7
Let p(n) = -7*n**2 - 16*n + 33. Let v(d) = 4*d**2 + 8*d - 17. Let t(g) = -3*p(g) - 5*v(g). Calculate t(-10).
6
Let f(g) be the second derivative of g**7/1260 - g**6/360 + g**5/120 - g**4/2 - 2*g. Let k(l) be the third derivative of f(l). Give k(2).
5
Let b(f) = -6*f. Let j be b(-1). Let n(c) = -5 + 4*c**2 + 15 + 2*c + 4*c**2 + 0*c**2. Let w(y) = 7*y**2 + y + 9. Let x(a) = j*n(a) - 7*w(a). Determine x(3).
3
Let k(t) = 4*t + 2*t - 3*t + 2 - 4*t. Determine k(-6).
8
Let y(c) be the first derivative of -c**2/2 - 5*c - 1. Let k be (-2)/5 - (-14)/10. Let d(w) = -5*w**2. Let a be d(k). What is y(a)?
0
Suppose -5*b = -0*f - 5*f - 20, -5*f = 3*b + 12. Let n(h) = -h - 3*h**2 - b - 5*h + 5*h - h**3. Give n(-2).
-3
Let f be (2/(-4))/(5/110). Let t = f - -17. Suppose 5*b - 9 = t. Let l(n) = -n**3 + 5*n**2 - 5*n + 3. Determine l(b).
6
Suppose 4*b - 14 = -0*k - 3*k, 4*k - 4 = 2*b. Let q(m) = -m**3 - 3*m**2 + 3*m - 1. Give q(b).
-15
Let w be 1/(-3) + (-2)/3. Let s(n) = -n**2 - n. Let d(a) = 4*a**2 - 5*a. Let k(y) = -d(y) + 5*s(y). Determine k(w).
-9
Let p(j) = -1 + j**2 - 2*j - 14*j**2 + j**2 + 2. Determine p(1).
-13
Suppose 0*s + 14 = -2*s + 2*n, 4*s - 5*n + 33 = 0. Let z(t) = -t. Give z(s).
2
Let z(r) be the first derivative of -r**3/3 - 3*r**2/2 - r - 19. Give z(-5).
-11
Let q(r) be the second derivative of r**6/720 + r**5/12 - 7*r**4/12 + 7*r. Let i(w) be the third derivative of q(w). Determine i(-8).
2
Let p be 4 + (-3 - (2 - 4)). Suppose -6*w + p = -5*w. Let n(u) = u + 9. Let a(z) = -4*z - 28. Let f(s) = 2*a(s) + 7*n(s). What is f(w)?
4
Suppose 3*v - 14 = -v + 2*l, 0 = 5*l + 5. Let h(c) = -8 + 6*c + 6 + 2*c - 4*c**2 + c**3 - 3*c. What is h(v)?
4
Let r be ((-2)/(-4))/((-22)/220). Let m(y) be the second derivative of -y**3 + y - 3*y**2 - 1/12*y**4 + 0. What is m(r)?
-1
Let d(x) = x - 2. Suppose -z + 7 = -0. Let a be d(z). Suppose 3*l - 6 - 3 = 3*y, 3*y = -a*l - 9. Let n(q) = q**2 + q - 1. Determine n(l).
-1
Let m(u) = u**2 + 3*u - 3. Let n(j) = j**2 - j - 2. Let z be n(0). Let o = 9 + z. Suppose 0 = 2*b + 2, -4*a - o = -9*b + 4*b. Determine m(a).
-3
Let q(s) = 2*s. Let k be q(-2). Let a(x) be the second derivative of -x**5/20 - x**4/3 + x**3/2 + 5*x**2/2 + x + 7. Calculate a(k).
-7
Let l(x) = x**3 - 5*x**2 - 7*x - 2. Let i(m) = -m**3 + 7*m**2 + 6. Let z be 3*(-6)/(-2) + -2. Let v be i(z). Give l(v).
-8
Let m(w) = 3*w - 7. Let y(a) = a - 4. Let c(r) = 2*m(r) - 5*y(r). Let o = 1 + -1. What is c(o)?
6
Suppose -11*l + 16 = -7*l. Let a(n) be the third derivative of -l*n**2 - 1/24*n**4 + 0 + 0*n - 1/6*n**3. Give a(1).
-2
Let n(f) = 5*f**2 + 1. Suppose 5 = -m + 4. Calculate n(m).
6
Let n(q) be the second derivative of -q**3/6 - q**2/2 + 2*q. Give n(4).
-5
Let b be (1 - 0)*(0 - 0). Let f(g) be the third derivative of g**5/60 + g**4/24 - 2*g**3/3 + 17*g**2 + 2. What is f(b)?
-4
Let u(y) be the second derivative of -2/3*y**3 - 1/2*y**2 - 1/6*y**4 + 0 - 2*y. Give u(-3).
-7
Let x(a) = -2*a**2 - 6*a + 6. Let j be x(-5). Let n = j + 15. Let w(b) = 2*b**2 + b - 2*b**2 + 4*b**3 - b**2. Calculate w(n).
4
Let l(y) = -y**3 - y**2 - 2*y. Suppose -5*s - 1 = -4*s - r, -1 = 3*s - 5*r. Give l(s).
8
Let f(v) = -4*v**3 - v**2 - v + 4. Let i(y) = -7*y**3 - 2*y**2 - y + 7. Let x(a) = -a**2 + 4*a + 1. Let q be x(2). Let k(t) = q*f(t) - 3*i(t). Determine k(-2).
-1
Let q(w) be the first derivative of 5 - 7*w + 3*w**2 - 1/3*w**3. Give q(5).
-2
Let h = 0 + -4. Let k(c) = c**2 + 2*c - 2. Calculate k(h).
6
Let k(i) = -5 + 3*i + 6 - 7 + 0*i. Calculate k(4).
6
Let v(j) = -8*j**3 + j**2 - 1. Suppose 5*a - a = 16. Suppose 9 - 5 = -a*c. Determine v(c).
8
Suppose 0*j + 3*j + 48 = 0. Let x be 2/9 - j/9. Suppose x*y = 6*y - 16. Let r(h) = -h**3 + 3*h**2 + 4*h - 6. Calculate r(y).
-6
Suppose 3*o - 12 = o + 4*g, 4*g = -2*o - 4. Let d(a) = -4*a + a + 7*a + 8 - 3 - a**o. Give d(6).
-7
Let j(r) = r**3 - 2*r**2 + 9*r - 2*r - 6*r - 1. Let t(v) = -v**3 + 2*v**2 + 3*v + 1. Suppose -1 = -u + 2. Let w be t(u). Determine j(w).
-1
Let h be (2 + 0)*4/2. Let f = 7 + -2. Let z(p) = 1 - 3 + 4 - p + f. Give z(h).
3
Let k(r) = -r**2 + 5*r - 3. Let h = -4 + 8. Suppose d = 3*a + 17, 2*a - h*d + 0 = 2. Let w = -2 - a. Determine k(w).
-3
Let a be (-2)/(-3)*(7/14 - 2). Let k(x) = 12*x - 1. Give k(a).
-13
Suppose -3*l + 2*r + 2 = 0, -l = -3*l + r + 3. Suppose -20 = -0*t - l*t. Let h(b) be the second derivative of -b**4/12 + 5*b**3/6 - b**2/2 + b. What is h(t)?
-1
Let j = -78 - -75. Let t(s) = s**3 + 2*s**2 + s + 4. Calculate t(j).
-8
Let i(y) = y**2 - 10*y + 4. Let a be i(10). Let x = 7 - a. Let b(c) = x - 2 - c + 0*c. What is b(1)?
0
Let k(j) = -2*j**2 - 2*j + 1. Let i = -5 + 7. Let v = -23 - -13. Let r be ((-2)/(-5))/(i/v). What is k(r)?
-3
Let m(s) = 5*s + 10 + 1 - 2*s - 4*s. Give m(5).
6
Let z be 1/(0 - (-4)/16). Let d(b) be the first derivative of b**3/3 - 3*b**2/2 - 3*b + 4. Calculate d(z).
1
Let z(s) = s**2 - 4*s + 2. Let u(p) = -p - 2. Let q = 8 - 8. Let t be u(q). Let g be -1 + 8*t/(-4). What is z(g)?
-1
Suppose 2*a + 6 = 4*d - 14, 20 = -5*a. Let b(p) = p - 5. What is b(d)?
-2
Let a be (2/5)/((-35)/350). Let n(b) = -7*b - 5. Determine n(a).
23
Let j(w) be the third derivative of -w**5/60 - w**4/8 + w**3/2 - 13*w**2. Determine j(-5).
-7
Suppose -2*r = -3*f - 0*f - 4, r - 3*f - 2 = 0. Let w be r/11 + 138/(-33). Let t(x) = x**2 + 5 + 2*x + 7*x - 2*x. Determine t(w).
-7
Let z(v) = -18*v**3 + 11*v**3 + 3*v**2 + 2*v**2 - 4*v**2. Let p = -8 - -7. Calculate z(p).
8
Suppose 4*h - 5*d = 43, 2*d - 3*d = 4*h - 25. Let w(f) = 6 + f**3 + 1 - h*f - 6*f**2 + 2*f**2 + 0*f**3. Give w(5).
-3
Let l = 11 - 9. Let k(y) = 0 + 7*y + 5 - 3 - y**l. Determine k(6).
8
Let u(x) = 5 + 0*x - 5*x + 0 + x**2. Let n(h) = h**2 + 33*h + 6. Let r be n(-33). Give u(r).
11
Let a(m) = 3*m - 12*m**2 + 1 + 7*m**2 - 8. Let h(w) = 2*w**2 - w**2 - 1 + 2. Let s(z) = a(z) + 4*h(z). What is s(3)?
-3
Suppose h + 16 = 5*r, 0*r = 2*r + 4*h - 2. Let d(l) = -l - 1. Let c(a) = -a. Let v(i) = c(i) + d(i). Give v(r).
-7
Let i be ((-10)/(-6))/((-2)/6). Let x(j) be the third derivative of -j**4/24 - 11*j**3/6 - j**2. Let g be x(i). Let q(o) = -o**2 - 6*o - 3. What is q(g)?
-3
Let v(z) = -2*z - 3*z - 1 + 3 - 3. Determine v(-1).
4
Suppose -6 - 10 = -5*k - 2*q, 4*k - q = 18. Let f(t) = t**2 - 5*t - 2. What is f(k)?
-6
Let w(k) = k**3 - 4*k**2 + 2*k - 6. Let s = -9 + 9. Let m = -4 + s. Let u = m - -8. Calculate w(u).
2
Let z(t) be the third derivative of -3*t**2 - 7/24*t**4 + 0 + 0*t**3 + 0*t + 1/60*t**5. Give z(6).
-6
Let y(o) = -o**3 + 1 + 0*o**3 + 3*o**2 + o - 4*o. Let a be (3 - (-4 + 2)) + 0. Suppose -2*l = a*c - 3*l - 10, 2*l - 7 = c. What is y(c)?
-8
Let z(f) = 15*f - 6. Let j(n) = -5*n + 2. Let m(d) = -8*j(d) - 3*z(d). Determine m(2).
-8
Let l(m) = m + 6. Let b be l(0). Let j(u) = 4 - 11 + b - 2*u + 4*u**2. Give j(-1).
5
Suppose 5*n = 4*n + 12. Let d = n - 5. Let g(a) = -3 + 3 + d*a. Give g(-1).
-7
Suppose 4*t - 9*t = -20. Let z(q) = 0*q + 2*q**2 - 1 + 4*q - 7*q + t*q + q**3. Calculate z(-2).
-3
Let n = -6 + 14. Suppose -4*w - 3*d + 3 = n, 3 = -d. Let o(g) = 5*g**2 + 3*g + 1. Let j(m) = 4*m**2 + 2*m + 1. Let r(f) = -3*j(f) + 2*o(f). Give r(w).
-3
Let l = 15 - 7. Let j(z) = -z + l + z - z. Calculate j(4).
4
Let j be 3*((-2)/2 - -2). Let v(w) = 13*w - 2. Let z(l) = 6*l - 5. Let p(s) = -1. Let k(y) = 4*p(y) - z(y). Let d(r) = 7*k(r) + 3*v(r). What is d(j)?
-8
Let o(j) be the third derivative of j**6/60 + j**5/60 - j**4/24 + j**3/3 - 9*j**2. Calculate o(-2).
-8
Let f(o) = -2*o**2 - 2*o - 4. Let v(d) = 6*d**2 + 6*d + 11. Let k(g) = 8*f(g) + 3*v(g). Let z = 5 + -2. Let y be 6/9 - 5/z. Determine k(y).
1
Let b(p) = -p**2 - 3 + 5*p - 5 + 8. Calculate b(6).
-6
Let d(a) = -13*a. Let t(m) = -2*m - 1. Let i(g) = d(